 - (3 + -1)) - 13
-6
2 + -1 + 0 + -3
-2
What is -2 + -1 + (-5 - (-3 - -2))?
-7
What is the value of (-4 + 11 - 4) + -8?
-5
Evaluate (4 - 4 - 7) + 5.
-2
What is 3 - (4 + -2 - -15) - -8?
-6
-3 + -1 + 11 + -11
-4
What is (6 - 2 - -3) + -1?
6
Calculate 2 + 4 - 0 - (6 - 3).
3
Calculate 0 - 4 - -4 - -4.
4
Evaluate 7 - 0 - (139 + -114) - -7.
-11
Evaluate (4 - (0 - (0 + -2))) + -3.
-1
Evaluate -5 + 5 + (-11 - (-2 - -1)).
-10
What is the value of (-4 - (-2 - -2)) + 63 + -51?
8
What is the value of 1 - -3 - -2 - 2 - -4?
8
Calculate (3 - 13) + 2 + 23 + -21.
-6
What is the value of 10 + -7 + -3 - (6 - 0)?
-6
What is -8 - ((0 - 1) + -10 + 6)?
-3
Calculate (3 + 11 - 7) + -11.
-4
Calculate -2 - (5 + -14 - 4) - 7.
4
What is 18 + -8 - (-2 + 7)?
5
Calculate (2 - 1) + -18 + 11.
-6
What is -1 + 1 + -5 + (6 - 2)?
-1
What is the value of -20 + 24 - (-1 - 1)?
6
What is -8 + 6 + -5 + 15 + -8?
0
What is the value of (-16 - -10) + 0 - -5?
-1
What is 2 + (4 - 4 - 4)?
-2
What is the value of (-55 - -53) + 2 + 3?
3
(0 + 4 + -1 - 10) + 5
-2
Calculate -10 + 0 - (35 - 44).
-1
Evaluate 7 - (-9 + 14 + -4).
6
-1 + 1 - (-10 + 9)
1
What is the value of 2 + -6 + 1 - 1 - -3?
-1
-1 + -2 + (2 - 0) + -1
-2
What is the value of (32 - 30) + -10 + 3?
-5
-1 + (-10 - -14) - -3
6
Calculate 5 - (-4 + -1 + 9).
1
3 + (-2 - (-1 + 3)) + 3
2
23 + -26 + (0 - -7)
4
2 + 0 + (8 - 1) + -5
4
5 + (15 - 20) + -10
-10
What is the value of 15 - 7 - (1 - (1 - 3))?
5
Calculate 1 + 1 + (-1 - (1 + -5)).
5
Calculate 2 - 1 - (0 + -1).
2
Calculate 1 + -1 + 0 - (9 + -3).
-6
-5 + 2 + 5 + -5 + 3
0
What is the value of 12 + (-19 - (5 + -12))?
0
What is (1 + -3 - -9) + (-195 - -177)?
-11
What is -2 - -5 - (4 - (-3 + -3))?
-7
Evaluate 1 + (4 + -11 - -9).
3
What is the value of (-1 - 7 - (-16 + 12)) + 9?
5
What is 0 - (0 + 3 - (13 + -14))?
-4
Evaluate 7 + (-9 - (4 + -8)).
2
Evaluate (0 + (3 - 2) - -1) + 1.
3
9 - (-4 + 1 + 10)
2
Calculate 4 + -5 - (-1 + -7) - 3.
4
Calculate (-8 - (-12 + 5)) + 0.
-1
Calculate (5 - 14) + (-2 - -6) - -1.
-4
-1 - (-5 + (5 - 2))
1
What is the value of 0 + (-3 - (-4 - -1 - 3))?
3
Calculate (-2 - (-6 - -11)) + 5 + -1.
-3
-4 - 5 - (-38 - -38)
-9
(-6 - -1) + 0 - -4
-1
What is -11 - (10 + -28) - (-2 + 4)?
5
What is 2 - (-20 + 20 - (-2 + 8))?
8
Calculate (1 - 12) + (13 - 8) - -1.
-5
(0 + 3 - 6) + -5
-8
Evaluate (3 - (2 - 6)) + -5.
2
0 - (3 - -4) - -9
2
(-2 - -2) + -1 + 1 + 0
0
Evaluate 0 - (-1 + -3 + (7 - 1)).
-2
What is the value of 4 + -1 + -7 + 2 - 1?
-3
4 + -1 - (-3 + 1)
5
Evaluate -1 - (16 + -6) - -8.
-3
What is -3 + -2 + (1 - 7) - -5?
-6
-271 + 279 + 1 + -1 + -4
4
What is (-8 - -8 - 1) + 5?
4
Calculate -1 - (-20 + 17 + -1 + 6).
-3
Evaluate 10 - 3 - (7 + -1) - -4.
5
Evaluate -1 + (-1 - (6 - 4)).
-4
What is -5 + -8 + 8 + 12 + -1?
6
What is the value of -19 + 26 - (0 - -3)?
4
Calculate 8 + -3 + 1 + -9.
-3
What is the value of (1 - 7) + 66 + -61?
-1
What is the value of -2 + 10 + -7 + -8?
-7
Evaluate -5 - (1 - (6 + -4)).
-4
What is 6 + 5 + (2 - 4 - 2)?
7
What is the value of -5 + (10 - (9 + 0))?
-4
What is -5 - (3 - (3 + 2))?
-3
3 - 4 - -1 - (3 - 0)
-3
Evaluate -3 + (-8 - -5) + 1.
-5
(1 - 3) + (-255 - -261)
4
Calculate -1 + 6 + (-6 - 2).
-3
Calculate -6 + (7 - 1 - -3).
3
Evaluate 4 + -9 - (-2 + -2).
-1
-10 - -2 - (-5 + 3 + -3)
-3
What is (0 - 1) + (0 - 0 - 0)?
-1
Calculate 5 + -7 + -2 + -2 + 4.
-2
-2 + (-7 - 7 - -12)
-4
Evaluate 2 - -8 - (-19 + 28).
1
1 + -4 + -4 - -13
6
Calculate -3 - -1 - ((-3 - 1) + -1).
3
(-1 - 2) + (24 - 22) + 2
1
Calculate -7 - (-6 + 3) - -2.
-2
Calculate -2 + -1 - (-27 - (-12 + -4)).
8
Calculate -1 - (0 - (-2 - -2 - -5)).
4
What is the value of 2 + -3 - -5 - (-4 + 0)?
8
What is the value of 7 - (-1 - -7) - 6 - -6?
1
Calculate -4 + -11 - -7 - (-2 - 1).
-5
What is -7 + 4 + (4 - 7)?
-6
What is the value of 5 + 2 - (-6 + 12 + -6)?
7
What is the value of (1 - 0) + -5 - -10 - 2?
4
Calculate 0 - (-8 - -2) - (-1 + 5).
2
Evaluate -5 + 6 + -1 + 0 + -3.
-3
What is the value of 1 - (0 + (3 - (-1 - -2)))?
-1
(-10 - (-11 - -12)) + 7
-4
Calculate 5 - 3 - -5 - 5.
2
Calculate (-1 - 1) + 18 + (9 - 24).
1
Calculate -3 + 2 - (-3 + (-3 - -6)).
-1
What is -4 + (4 - 5) + 1?
-4
Evaluate 3 + -8 + 3 + 0.
-2
Evaluate 10 - ((0 - -10) + 2).
-2
What is the value of -4 + (-2 - -6 - 2)?
-2
Calculate (-9 + 14 - 5) + -8.
-8
What is 2 + -15 - (-3 + 3 - 5)?
-8
Evaluate -3 + (1 - 1 - 0) + 7.
4
What is 1 - (8 - 5 - -3)?
-5
What is 57 + -61 - (0 - -4)?
-8
(9 - (2 + 8)) + 2
1
Evaluate -3 - (8 - 15) - (7 + 1).
-4
-8 - (4 + -9) - (-1 - 3)
1
What is -12 + 8 + -1 + 11?
6
8 + (-7 - (4 - 7)) - 6
-2
What is -3 - -2 - (4 + -11 + 4)?
2
What is 2 + (5 + -8 - -4)?
3
Evaluate (-13 - -14) + 7 + -4.
4
-4 + (3 + -6 - -3)
-4
Evaluate -3 - (3 + (-6 - -1)).
-1
Calculate -3 + 2 - (11 - 6 - 9).
3
What is the value of 1 + -2 + 3 + 3?
5
What is (-3 - -6) + -6 + 7?
4
Calculate 12 + (-3 - 1 - 0) + -5.
3
0 + 3 - (-18 - -23)
-2
Calculate (-41 - -36) + (-2 - -14) + 1.
8
What is -16 + 8 - ((1 - 3) + -2)?
-4
What is the value of 2 + -4 + (2 - -7) - 5?
2
Calculate 0 + ((-4 - -1) + -1 - -1).
-3
Evaluate 8 + -9 - (1 - (6 - 3)).
1
Calculate -10 - (1 + -7) - (-1 - 5).
2
Calculate -2 - (-4 + 4 + -3 + -4).
5
Calculate 1 + -1 + (-2 - -3).
1
What is the value of -7 + 2 + (25 - 24) + -1?
-5
Calculate 2 - (4 + (4 + 0 - 4)).
-2
What is the value of -6 - -4 - (-2 - 1)?
1
-1 + -3 + (-1 - 10 - -12)
-3
What is the value of (-3 - 0) + -34 + 32?
-5
What is (-5 - (-3 - 9)) + -9?
-2
What is the value of 7 + -8 + 0 + -2?
-3
Evaluate (-1 - (-8 - -2)) + -8.
-3
What is -3 + 0 - (-4 - 2)?
3
What is the value of (0 - -2) + 19 + -7 + -14?
0
What is the value of 4 - (6 - (-3 - -3)) - 4?
-6
Evaluate -3 + 10 + 6 - 6 - 6.
1
Evaluate (1 - (3 + -4) - 1) + -2.
-1
Evaluate -2 + 4 + 0 + (-6 - -9).
5
Calculate 6 + (-1 - -3) + -16.
-8
What is -3 + (-3 - -3) + 2 + -3?
-4
(-1 - (-3 - (2 + -1))) + -4
-1
Calculate (-1 - 7) + 3 + 2.
-3
What is the value of -2 + (-3 - (0 + (3 - 3)))?
-5
What is the value of (364 - 352) + (-1 - -2 - 6)?
7
What is the value of (-1 - 6) + 10 + -8?
-5
Calculate -1 - 2 - (-11 - -11).
-3
Calculate (-15 - -12) + (-3 - (-2 - 4)).
0
1 + -6 + 2 + 1
-2
Evaluate -4 + 0 - (-10 - -11).
-5
What is the value of (-2 - 2) + 5 - (0 - -2)?
-1
4 + 1 + 2 - (-35 - -36)
6
Calculate 1 - (-3 + 0 + 0 - 0).
4
Evaluate 1 + -4 + 0 + -1.
-4
What is 1 + (0 - (-2 + 2))?
1
Calculate 0 + 1 + -5 - (2 - 5).
-1
-5 - 0 - (0 - 1) - -9
5
What is (57 - 53) + (-2 - 5)?
-3
Calculate 8 - (-3 - -5) - 8.
-2
What is the value of -8 - -3 - (2 + 1 + -1)?
-7
What is 32 + -32 + -5 + -1?
-6
Evaluate (-1 - 3) + -5 + 5 - -3.
-1
What is 9 + (-6 - 3) + -10?
-10
Evaluate -10 + (-5 - 5 - -22).
2
-11 + -13 + 18 - (4 + 0)
-10
-5 - (-6 + -1 - -4)
-2
What is 0 + 7 + 3 + (11 - 17)?
4
1 + (0 - (0 + 4)) - -5
2
0 + 1 + (-5 - 1)
-5
18 - 15 - (4 - (-1 - 0))
-2
6 - (2 - 1) - 5 - 7
-7
-12 + (-2 - -6) - -4
-4
Calculate -4 + 2 + 5 + -2.
1
What is 2 + (-5 - -3) - -1?
1
What is -4 - (-7 + (-1 - -4) + 5)?
-5
Evaluate -10 + 14 + 3 - (1 + -1).
7
Evaluate (-1 + -7 - 2 - -3) + 5.
-2
Evaluate 2 + (-7 - -10) + -1.
4
What is 1 + 0 - 0 - (14 - 11)?
-2
What is the value of -1 - -1 - (0 - (4 - 2))?
2
What is the value of 1 + -5 + -1 - -2?
-3
5 - ((9 - 3) + 1)
-2
4 + (-6 - (3 + -2)) + 5
2
What is the value of -4 - (-43 + 48 + (-2 - 4))?
-3
3 - 2 - 5 - (-19 + 17)
-2
Calculate 3 + (-1 - -2) - (-35 - -46).
-7
What is the value of 1 - -1 - (-42 - -46)?
-2
(1 - 1) + 3 + -1 + -2
0
What is -2 - (0 + 4 + -1)?
-5
Evaluate 1 - (-3 + -1 - -1).
4
What is the value of 1 - ((1 - 0) + -3 - 0)?
3
(-2 - -1 - -3) + -6
-4
-3 + (3 - (4 + -4)) + -5
-5
Calculate 3 + (2 - (5 - -3)).
-3
What is the value of -4 + (10 - (-4 - (-5 - -3)))?
8
What is the value of 2 - (-1 + (0 - -2))?
1
(-12 - -9) + 0 + 0
-3
18 - 4 - -1 - 9
6
What is (2 - 4) + -3 + 1?
-4
Evaluate 2 - 0 - (6 - 2 - 0).
-2
Evaluate -2 + -3 - -1 - (-54 + 55).
-5
Evaluate -2 + -1 + (5 - 9).
-7
2 + 2 + -2 + -8 + 7
1
What is 0 - ((-6 - -2) + -4 - -4)?
4
What is (4 - 5 - -3) + -8 + 0?
-6
-3 - ((6 - 4) + -5)
0
What is the value of -5 + (3 - -8 - 10)?
-4
Calculate -1 + 0 + -13 + 3 + 6.
-5
-5 + -4 + 6 + 1 - -3
1
Evaluate -1 - (2 - (-2 - -5 - 1)).
-1
1 + 9 + -7 + (-1 - -3)
5
What is 3 + -4 + -1 + -1 + -3?
-6
What is 1 + -1 + 4 - -2?
6
Evaluate -4 - ((-9 - -7) + -4 + 1).
1
Calculate 2 - (5 + -3 - -1).
-1
